l, 4*h - 368 = 4*l. Calculate the remainder when h is divided by 31.
30
Suppose 2*x - 4*x + 108 = 0. Calculate the remainder when x is divided by 15.
9
Let q(p) = 12*p**3 - p**2 + p + 2. What is the remainder when q(2) is divided by (6/4)/((-1)/(-22))?
30
Let g = -8 + 10. Let d = 11 - 6. What is the remainder when d is divided by g?
1
Let f be 34/7 + 10/70. Suppose -3*x = -f*x + 98. What is the remainder when x is divided by 13?
10
Calculate the remainder when ((-8)/(-12))/((-4)/(-30)) is divided by 1.
0
Let x be -1*(-30)/9*-3. What is the remainder when 14 is divided by (-1)/5 - 82/x?
6
Suppose -3*h = -2*h + 46. Let y = -23 - h. Calculate the remainder when y is divided by 6.
5
Suppose 18*p = 4*p + 28. Calculate the remainder when p is divided by (-2)/4*(-4)/2.
0
Let g(n) = 3*n**2 - 5. What is the remainder when 168 is divided by g(4)?
39
Let l(p) = -80*p**3 + p**2 - p - 1. Let h = -1 + 0. Let t be l(h). Let z = -53 + t. What is the remainder when z is divided by 10?
8
Let j(o) = o**3 + 2*o**2 - 2*o - 2. Let d be j(-2). Suppose 20 = v - d*c, 0 = -3*v + 3*c - 2*c + 40. What is the remainder when 33 is divided by v?
9
Let r = -10 - -17. Calculate the remainder when 13 is divided by r.
6
Suppose -4*k - 4*w + 68 = 0, 0*k - 3*k - 4*w = -50. Calculate the remainder when 429/13 - -2*1 is divided by k.
17
Let x = -32 + 13. Suppose 4*n - 4*a = 148, -a - 3 - 2 = 0. Let g = n + x. Calculate the remainder when g is divided by 8.
5
Calculate the remainder when 11 is divided by (((-98)/(-21))/7)/((-4)/(-18)).
2
Let n(c) = -c**2 + 2*c + 3. Let v be n(3). Let t be 37 - (2 + v) - 2. Let k = t - 20. What is the remainder when 24 is divided by k?
11
Let w be (3/(-2))/((-6)/(-8)). Calculate the remainder when ((-4)/10)/((-1)/30) is divided by w*1/(-2)*7.
5
Let s be 24 + -2 + -2 + 4. Calculate the remainder when (-4)/(-2)*(-11)/(-2) is divided by (9/4)/(9/s).
5
Suppose -t + 5*t - 60 = 0. Suppose -2*n - 11 - 11 = 0. Let w = t + n. Calculate the remainder when 6 is divided by w.
2
Suppose -1 - 2 = -3*o + 3*b, 4*o - 10 = 2*b. Suppose -5*h + 41 = -5*x + x, -h - 4*x = 11. Let g = -3 + h. What is the remainder when o is divided by g?
0
Calculate the remainder when 176/5 + 9/(-45) is divided by 19.
16
Let b(p) = p**2 + 6*p + 2. Let h(t) = t + 1. Let x(m) = -b(m) - 4*h(m). Let z be (8/10 + 0)*-10. Calculate the remainder when 29 is divided by x(z).
9
Let u be 5*(-3 + (-72)/(-20)). Suppose u*d = 3*y - 60, -4*y + 3*y + 16 = -5*d. What is the remainder when 61 is divided by y?
19
Suppose 4*o = 2*o + 16. What is the remainder when 29 is divided by o?
5
Let z = -7 - -10. Suppose -4*t - 55 = -z*x, -2*x - 38 = 2*t - 0*x. Let l = -11 - t. What is the remainder when l is divided by 2?
1
Let d be (3 - 1)*(-4 - -5). Let u be 4/3*(1 + d). Calculate the remainder when 53 is divided by (-1 - (-2 + u)) + 17.
11
Let r be 2 - 2 - (1 + -3). Suppose -r*s = -8 - 132. What is the remainder when s is divided by 18?
16
Suppose 2*m = m. Suppose -c + 38 = -m*c - 4*v, 3 = c + 3*v. What is the remainder when 71 is divided by c?
17
Let m(a) = 2*a**2 - 10*a - 10. Calculate the remainder when m(9) is divided by 33.
29
Let q(n) = -n**2 + 6*n + 6. Let t be (-1 + 4 + 1)*1. Suppose -3*i - 3 = -4*x + 36, -t*x = i - 19. What is the remainder when q(5) is divided by x?
5
Suppose 0 = d + 6*d - 42. Calculate the remainder when 40 is divided by d.
4
Suppose t + 6 = 19. Calculate the remainder when 50 is divided by t.
11
Let k be (-3 - -1)*1/2. Let x = k + 3. Suppose -x*q = -7*q + 60. Calculate the remainder when 23 is divided by q.
11
Let d be (9/15)/((-4)/(-20)). Suppose 39 - 108 = -d*o. What is the remainder when o is divided by 5?
3
Let b be 3 + 0 - (-10)/(-5). What is the remainder when 2 is divided by b/4*(5 - 1)?
0
Let y = 57 - 41. What is the remainder when 45 is divided by y?
13
Let n be 2*5*(-35)/(-5). Suppose 4*o - n = -o. Calculate the remainder when 54 is divided by o.
12
Let i = -185 - -315. Let m = i - 48. Suppose -2*x + 40 = -4*k, -5*k = 3*x - m + 11. What is the remainder when x is divided by 8?
6
Let k(v) = -15*v - 38. Calculate the remainder when 35 is divided by k(-4).
13
Let r = -1 - -72. Let q = -47 + r. What is the remainder when 46 is divided by q?
22
Suppose -189 = -2*v + 41. Suppose 0 = 8*o - 3*o - v. Suppose 23 = 5*y - 3*s - 3, 0 = -5*y + 4*s + o. Calculate the remainder when y is divided by 2.
1
Let l = -25 + 79. Calculate the remainder when l is divided by 14.
12
Let n = 33 + -17. Let c = 1 + 0. Let z(l) = 30*l**2 + 2*l - 1. What is the remainder when z(c) is divided by n?
15
Let p be (-20)/(-4) - (0 - -1). Suppose -4*q - 2*m + 114 = 0, -3*q = p*m + 26 - 119. Calculate the remainder when q is divided by 10.
7
Suppose 2*g = 5*v - 105, 3*g + 46 = 4*v - 45. What is the remainder when -2*(73/(-2) - 0) is divided by v?
16
Suppose -2*b + 3*v - 337 = -6*b, b - 108 = 4*v. What is the remainder when b is divided by 46?
42
Suppose 0*q - 4*q = 0. Suppose 0 = -q*h - 3*h + 45. Calculate the remainder when 42 is divided by h.
12
Let n = -11 - -22. Calculate the remainder when 18 is divided by n.
7
Let r = -4 + 6. Suppose -4*l + 5*m + 24 + 19 = 0, 3*m + r = -l. Suppose 0 = p - 4*c - 36 + 8, -3*c = -5*p + 72. What is the remainder when p is divided by l?
5
Let j(o) = -o + 7. Let z be j(5). Let q(a) = a**2 + 2*a - 3. Calculate the remainder when q(z) is divided by 0 + 4/10*5.
1
Suppose -100 = 31*b - 35*b. Calculate the remainder when 40 is divided by b.
15
Let t = 33 + 24. What is the remainder when t is divided by 12?
9
Let q = -123 - -207. Suppose -4*z - u = -127, 3*z + 3*u + 0*u - q = 0. What is the remainder when z is divided by 12?
9
Calculate the remainder when 56 is divided by ((-1045)/(-110))/((-2)/4 + 1).
18
Suppose 4*x - 2*q - 194 = 0, 5*q = -5*x + q + 249. Calculate the remainder when 97 is divided by x.
48
What is the remainder when (4 - 5)*5 - -52 is divided by 17?
13
Suppose 118*n + 69 = 121*n. What is the remainder when 42 is divided by n?
19
Suppose -3*k = 2*o - 0*k - 46, k = 4. Let z be (-11 - -10)*(-32)/2. Let b = -10 + z. Calculate the remainder when o is divided by b.
5
Suppose 4*p + 196 + 188 = 0. Let m = -13 - p. What is the remainder when m is divided by 28?
27
Let b(o) = 22*o - 32. Let j(s) = 9*s - 13. Let n(v) = -5*b(v) + 12*j(v). Calculate the remainder when n(-11) is divided by 9.
8
Suppose -2*m + 4 + 8 = 4*a, a + 4 = 3*m. Let q be (-205)/5 - 0/m. What is the remainder when 2 + 2 + (1 - q) is divided by 16?
14
Let p = -30 - -55. What is the remainder when 72 is divided by p?
22
Let r be 21/(-2)*24/14. Let x = r - -52. Suppose -19*t - 10*t + 348 = 0. What is the remainder when x is divided by t?
10
Let u(i) be the first derivative of -i**4/4 + 11*i**3/3 - 9*i**2/2 - 12*i - 2. Let y be u(10). Calculate the remainder when (y/6)/((-4)/492) is divided by 14.
13
What is the remainder when (-131812)/(-1178) + 0 + (-2)/(-19) is divided by 39?
34
Let i = -6 - -8. Suppose -i*g = -4*g, -4*u = -g - 64. Calculate the remainder when 30 is divided by u.
14
Suppose 0 = 3*b + 5*y - 37, -5*y + 27 = 3*b - 2*y. Suppose b*k - 31 = 45. What is the remainder when k is divided by 5?
4
Suppose 3*i + 5*k - k = 8, -5*i = 4*k - 16. Suppose 4*h - i = 8. Suppose -h*f - f = -24. Calculate the remainder when 10 is divided by f.
4
Let o(w) = -2*w**2 - 22*w + 5. What is the remainder when o(-11) is divided by 5?
0
Let u(q) = -q**3 - 8*q**2 - q + 9. Let j be u(-8). Let p = j + 0. Let f(w) = -2*w**3 - 6*w**2 - w - 4. Calculate the remainder when f(-4) is divided by p.
15
Let m = 19 - -5. What is the remainder when 93 is divided by m?
21
Let z = -10 + 32. Calculate the remainder when 63 is divided by z.
19
Suppose 3 = 11*x - 85. What is the remainder when 36 is divided by x?
4
Let y(q) = 6*q - 3. Calculate the remainder when 82 is divided by y(4).
19
Let b = 4 + -8. Let p = b + 22. Suppose 0 = -k + o + 19 - 3, 3*k + 3*o = p. Calculate the remainder when 30 is divided by k.
8
Let k(s) = 46*s + 8. Calculate the remainder when k(2) is divided by 26.
22
Let z = 64 - 44. Calculate the remainder when 77 is divided by z.
17
Suppose c - 3 = -1. Suppose -c*t + 4 + 2 = 0. Calculate the remainder when 7 is divided by t.
1
Let c(k) = -k**2 + 4*k + 2. Suppose -x = -4*x + 18. Let f(h) = -h**2 + 7*h - 1. What is the re